 10*j + 43. Let x(u) = -6*f(u) - 5*o(u). Let h be x(-13). Let r(i) = i**3 - i**2 - 5*i - 5. What is r(h)?
-7
Suppose -316*u + 303 = -1947 + 38. Let f(r) = r**2 + 6*r - 89. What is f(u)?
2
Let a(m) = 15*m + 54. Let f = -15883 + 15880. What is a(f)?
9
Let h(r) = r + 9. Let q be h(-8). Let z be 3/(q*6/14). Let x be (z/(-14))/((-3)/12). Let t(j) = 7*j + 2. Calculate t(x).
16
Let u(j) = j**3 - 5*j**2 - 5*j + 8. Let m be u(6). Suppose -11 + m = -3*b. Let i(x) be the first derivative of 2*x**3 - x**2/2 - x - 5. Calculate i(b).
6
Let s be ((-1 + 2)*-1)/(-1). Suppose -4*y - 36 = -44. Let z(l) = 16 + y*l - 3 - 12. Determine z(s).
3
Let w(c) be the third derivative of c**6/120 - c**5/60 + c**4/24 - 7*c**3/6 + 10*c**2. Let k(f) = -f**3 - 12*f**2 - 20*f. Let g be k(-10). Give w(g).
-7
Let x(c) = 21*c**2 + 62*c - 11. Let h(w) = -8*w**2 - 23*w + 4. Let j(o) = 8*h(o) + 3*x(o). Give j(1).
0
Let d(z) = 120*z**3 - 7*z**2 + 21*z + 16. Let o(n) = 59*n**3 - 4*n**2 + 12*n + 9. Let t(b) = -4*d(b) + 7*o(b). Determine t(-1).
66
Let u(x) = x + 14. Let l(y) = -3*y + 260. Let b(r) = -l(r) + 3*u(r). Determine b(36).
-2
Let i be ((-42)/(-10) - -1)/((-20)/(-50)). Suppose -i*c - 33 = 110. Let q(n) = -n**3 - 11*n**2 - n - 7. Calculate q(c).
4
Let i(r) = 14*r**2 + 22*r + 20. Let v(s) = -6*s**2 - 11*s - 9. Let k(f) = 2*i(f) + 5*v(f). Give k(-4).
7
Suppose 4 = 3*b - 2. Suppose 2*y - 3*q = -29, -b*y - 5*q - 15 = y. Let s be ((-6)/75*y)/((-1)/(-5)). Let u(r) = -2*r + 3. What is u(s)?
-5
Suppose -3*m = -40*m + 11174. Let p(w) = 4 + 597*w - m*w + 1 - 303*w. Give p(1).
-3
Let c be (3 + -4)/((-78)/(-12)) - (-249)/13. Let x(h) = -h**2 + 21*h - 19. Give x(c).
19
Let g = 180 + -180. Let o be (g + -1 + 5)/(2/1). Let p(v) = -2*v**2 + 2*v - 1. Calculate p(o).
-5
Let a = 266 + -253. Suppose 32*f + 57 = a*f. Let q(d) = d**2 - d. Calculate q(f).
12
Let a(r) = -r**3 + 6*r**2 - 2*r + 1. Let h be ((-51)/34)/((-3)/12 - -1). Let u be 0/10 - h*3. Give a(u).
-11
Let j(n) = -n**2 - 3*n. Let p be j(-3). Suppose p*r = r + 5. Let q(t) be the third derivative of -t**5/60 - t**4/8 + 5*t**3/6 - 94*t**2. Determine q(r).
-5
Let j(n) = 2*n**2 - 84*n + 75. Let i(d) = d**2 - 40*d + 39. Let o(h) = 13*i(h) - 6*j(h). Determine o(9).
-6
Let k(x) be the first derivative of -x**2 + 7*x - 17. Let f be k(4). Let o(h) be the third derivative of -5*h**4/6 - h**3/6 - 15*h**2. Give o(f).
19
Let m(n) = 2*n**2 + 5*n + 9. Suppose -3*t - 24 = -4*w + 7*w, 3*w = 2*t - 14. Calculate m(w).
51
Let v(u) = -4 - 2316*u + 4639*u + 3 - 2305*u. Suppose -3*l + 3*q - 6 = 0, 3*l - 2*l - 2*q + 6 = 0. Give v(l).
35
Let v(j) = -j**2 + 9*j - 3. Suppose 0 = u + 2, -5*u + 47 - 131 = -r. Suppose -10*a - 4 + r = 0. Give v(a).
11
Let a(v) = 2788 + 6*v**2 - 7*v**3 - 933 - 929 + v - 929 - 5*v**2. What is a(2)?
-53
Let o(j) be the first derivative of -j**3/3 - 10*j**2 - 107*j - 6996. What is o(-9)?
-8
Suppose 0 = 19586*g - 19587*g + 7. Let m(i) = i**2 + i - 23. Give m(g).
33
Let a(j) be the first derivative of 71*j**2/2 + 422*j + 7676. Determine a(-6).
-4
Let x(y) = y**3 - 5*y**2 - 2*y - 3. Let g(j) = -j**2 + 17*j - 34. Let s be g(11). Let m be 1*(0 - 0) + s/8. Determine x(m).
-27
Let j(o) be the third derivative of -o**5/60 - 7*o**4/24 + 17*o**3/3 + 66*o**2 - 19*o. Give j(9).
-110
Let x(d) = 27 + 2*d + d - 24. Let z(y) = 51 - 5*y - 60 - 3*y. Let n(v) = -11*x(v) - 4*z(v). Determine n(6).
-3
Let z(q) be the third derivative of -q**4/12 + q**3/2 + q**2. Let u(w) = 5*w + 46. Let f be u(-8). Determine z(f).
-9
Suppose 0 = q + 3*i + 3, -11*q + 9*q - 2*i = -2. Suppose 0 = 2*d - k + q, -5*d + k = -0*d + 9. Let j(s) = -2*s - 4. Determine j(d).
0
Let c(w) be the first derivative of 4*w**2 + w + 864. Calculate c(-5).
-39
Let x(u) = -168*u - 1 + 3*u**2 + 87*u + 81*u. Let y(a) = a + 14. Let t be y(-15). Determine x(t).
2
Let d(z) = 24*z - 20 - z**3 + 62350*z**2 - 62359*z**2 - 14*z. Give d(-10).
-20
Let n(b) = b + 45. Let v(u) = 4*u**3 + 21*u**2 - 4*u + 63. Let k be v(-6). Calculate n(k).
24
Let r(z) be the third derivative of -z**6/720 - z**5/24 + z**4/4 + z**3/2 - 10*z**2. Let a(m) be the second derivative of r(m). Calculate a(0).
-5
Let r(p) = 20*p**2 + 2*p + 2. Let m(d) = 89*d - 1871. Let w be m(21). Give r(w).
78
Let j = -150 - -150. Suppose -h + 1 = -3*m + 2, j = 4*m - h. Let u(f) = -9*f + 1. What is u(m)?
10
Let s(k) = -4*k**2 + 5*k - 14. Suppose -61*h - 9637 = -9820. Determine s(h).
-35
Let l(x) = 8 + x - 36 - 31 - 5 + 8. What is l(23)?
-33
Let q(l) = -14 - 9 + 5*l - 9*l - 1 - 13. Calculate q(10).
-77
Let g = 455 + -450. Let h(c) = 2*c**2 + 1 + g*c + 5*c - 3*c + 1. Let f = -13 + 8. What is h(f)?
17
Let z(b) = -b + 27. Let u be z(14). Let f = -8 - u. Let s = 28 + f. Let l(c) = -c**2 + 5*c. What is l(s)?
-14
Let h(l) be the first derivative of l**4/4 + 5*l**3/3 + l**2 - 4*l + 2989. Calculate h(-7).
-116
Let m(h) = -6419 + 5*h**3 + 3*h**3 - 7*h**3 + 6365 + h - 14*h**2 + 3*h. What is m(14)?
2
Let z(i) = -8*i**2 + 11. Let q(k) = 18*k**2 + 6*k - 31. Let m(y) = -q(y) - 2*z(y). What is m(-8)?
-71
Let r(f) = -53*f**2 - f - 2. Let z = 1056 + -1057. Determine r(z).
-54
Let d(q) = -q. Let i(a) = 2*a - 1. Let f(p) = 3*d(p) + i(p). Let w = -21065 + 21062. Determine f(w).
2
Suppose -5*d + 31 = 2*a + 4, 2*a = 2. Suppose d*p = -6*p - 33. Let g(m) = -2*m**2 - 2. Determine g(p).
-20
Suppose 0 = 3*y - i + 5*i - 6, 0 = -3*y + 5*i + 33. Let m(b) = 2*b**2 - 15*b + 21. Determine m(y).
3
Let s(h) = h**2 + h + 3. Suppose -486 - 181 = -23*c. Suppose 25*v - c*v = 0. Give s(v).
3
Suppose -27*c + 22*c = -5. Let o(s) be the first derivative of 5*s**2 - 1 + c - 1 + 0. Determine o(-2).
-20
Let p be (-3 + (-13)/(-4))/(61/1220). Let x(u) = u**3 - 3*u**2 - 10*u - 4. Calculate x(p).
-4
Let s(k) = -k**2 - 6*k - 5. Suppose -8*l = -4*l + 16. Let u be s(l). Suppose 4*f + u - 23 = 2*a, -3*f - 3 = 3*a. Let z(c) = c**2 - 4*c - 4. Determine z(f).
-7
Let o(w) = 203*w - 616. Let u be o(3). Let q(v) be the second derivative of -v**3/2 - 23*v**2/2 + v. Calculate q(u).
-2
Let t(r) be the second derivative of 4*r**3/3 - 25*r**2 - r - 2443. Determine t(7).
6
Suppose -53*k - 15*k - 408 = 0. Let x = 25 + -17. Let q(p) = -2*p + 0*p - x - 5*p - p**2. What is q(k)?
-2
Suppose 26*c + 120 = 11*c. Let i(y) = y - 9. Let o(h) = 7. Let g(m) = 3*i(m) + 4*o(m). What is g(c)?
-23
Let l = 15 - -30. Suppose -8*j - l = j. Let c(q) = 2*q - 5*q + 2*q - 6 - 2. Give c(j).
-3
Let v(t) be the first derivative of 2*t**2 + t - 1743. Let r be (2/4)/((-2)/(-4)). Suppose -4*a - 34 = 4*y - 14, -3*a + 4*y = r. Calculate v(a).
-11
Let t(o) be the third derivative of -o**5/60 + o**4/12 + o**3/2 + 8*o**2 + 5*o. Determine t(3).
0
Suppose 10 + 108 = 2*b. Suppose 10 = -g + b. Let y = -46 + g. Let h(a) = -a**3 + 3*a**2 + a - 1. What is h(y)?
2
Suppose 4*x = -20, -5*x = -7*c + 8*c + 23. Let t(z) = -17 - z - 16 + 17 + c. What is t(-11)?
-3
Suppose 2*h - 3 = -5*o, 45*o + 3*h - 2 = 40*o. Let b(v) = -3*v**2 + 12*v - 12. What is b(o)?
-3
Let s(h) = h**3 - 6*h**2 - h + 8. Let f be s(6). Let p(b) = 1 - 4*b**2 - 2 - f - 3*b. Calculate p(-2).
-13
Let a(k) = -k**2 + 10010*k - 70025. Let l be a(7). Suppose 5*p = s + 23, s = 4*p - 0*s - 18. Let v(o) = -o**3 + o - 2*o - p*o**2 - 4*o. Give v(l).
4
Let x(t) be the third derivative of t**5/60 - t**4/12 - t**3/2 - 2222*t**2. Determine x(4).
5
Let t(l) be the first derivative of 3*l**2 + 16*l - 1799. What is t(-3)?
-2
Let w(s) = -5*s - 6. Let m = 5425 - 5420. What is w(m)?
-31
Let g be 8/(1 - 3/9). Suppose 4*q - 4 = g. Let d(u) = q - 5 - 1 - 2*u. Calculate d(2).
-6
Let x(z) be the second derivative of z**4/6 - z**3/2 - 23*z**2/2 + 5018*z. Give x(-7).
96
Let y = 44 + -28. Suppose -36*k - y = -40*k. Let h(l) be the second derivative of -l**5/20 + l**4/3 - l**3/2 + 3*l**2 - 4*l. Calculate h(k).
-6
Suppose 63*n = 60*n + 12. Suppose 2*b - j = -0*b + 5, 0 = 5*b - 4*j - 14. Suppose 0 = -2*k, b*i + k = 2*k + n. Let g(r) = -6*r + 1. What is g(i)?
-11
Let p(r) = r + 1. Let s be p(-3). Let v(z) be the first derivative of z**4/4 - z**3/3 - 3*z**2/2 - 3*z - 24. Give v(s).
-9
Let k(b) be the third derivative of b**4/8 - 5*b**3/3 - 218*b**2. Give k(5).
5
Let y = -426 + 420. Let d be (0 - -3)*(2 - (-6)/y). Let j(c) = -4*c**2 + 3*c - 1. Calculate j(d).
-28
Suppose -2*p - 3*y = -21, -3*p + 15 = -2*p + 3*y. Let a be (1/3)/(p/(-1